/14. Let t(o) = 4*o**m - 1 + 2 + d*o**2. Calculate t(-1).
7
Suppose 0 = -5*x - 7*x + 12. Suppose x = 2*a - 3*w, -w + 20 = -2*a - 5*w. Let z(k) = -k - 8. Calculate z(a).
-4
Let y = -150 + 157. Let q(h) = -3*h + 9. Let o(l) = l - 5. Let z(g) = y*o(g) + 2*q(g). Let k(i) = 2*i - 2. Let v be k(5). Determine z(v).
-9
Let n(f) = 23*f**2 + 2*f**3 + 57*f + 3*f**3 - 81*f - 23*f - 3*f**3 - 103. Calculate n(-13).
1
Let q(h) = 30*h + 245. Let p(n) = 3*n + 26. Let y(g) = -38*p(g) + 4*q(g). What is y(1)?
-2
Let c(f) be the third derivative of -5*f**4/24 - 3*f**2 + 17*f. Suppose 9*b - 8 = 1. Calculate c(b).
-5
Let w(m) = m**3 + 4*m**2 - 2*m - 3. Suppose 0 = -4*r + 4*k + 32, -k + 8 = -3*k. Let x = r - -1. Let d be x + (-4 - -1) - 7. Give w(d).
-18
Let m(w) be the second derivative of w**5/20 - 5*w**4/4 - 2*w**3/3 + 5*w**2/2 + 1147*w. What is m(15)?
-55
Let m(w) = 19*w**2 - 33672 + 0*w**2 + 16838 - 16*w + 16825 + 3*w**3. Determine m(-7).
5
Let f(r) = 2*r**3 + 7*r**2 + 24*r + 12. Let z(k) = k**3 + k**2 + 6*k + 3. Let x(n) = f(n) - 3*z(n). Let t = 10 - 5. Determine x(t).
8
Let p(l) be the third derivative of 0 + 7/60*l**5 + 1/24*l**4 + 154*l**2 + 1/120*l**6 + 0*l - 1/2*l**3. Calculate p(-7).
-10
Let y be -3*1 - (-5 - (-3 + 300)). Let k be (3*1)/(39/y). Let d(n) = 11*n + 0 - 3 + 13*n - k*n. Determine d(0).
-3
Let z(w) = -265*w - 3. Let y(o) = -311*o - 3. Let l(n) = -5*y(n) + 6*z(n). Calculate l(0).
-3
Let u(c) = 3*c - 3. Let r(t) be the first derivative of -7*t**3/3 - 25*t**2/2 + 4*t + 242. Let s be r(-4). Determine u(s).
-27
Let l(c) = -c**3 - 2*c**2 + 7*c + 1. Suppose -57*w = -56*w + 3, 0 = 5*d + 5*w + 35. What is l(d)?
5
Let m(w) = w**2 - 13*w + 17. Let j = -3855 + 3864. Calculate m(j).
-19
Let y(u) = -34*u**3 - 42*u**2 + 41*u - 35. Let r(t) = 24*t**3 + 28*t**2 - 28*t + 24. Let a(c) = -10*r(c) - 7*y(c). Determine a(7).
-44
Let c(q) = 2*q - 1. Suppose 3*o + 3*m - 12 = -9, 3*o + 5 = -5*m. Suppose 7*r = -2*d + 2*r + 31, o*d = 2*r + 34. Give c(d).
15
Let s(d) = -183*d + 1 + 4 - 1 + 97*d + 88*d. Calculate s(-1).
2
Let m(t) = -t - 1. Let j be 1/((5/(-15))/(4/(-6))). Let x be (j/(-6))/((-41)/615). Determine m(x).
-6
Suppose -20 = -0*d - 5*d. Suppose -5*f = 5, -3*h + 1 = -2*h + d*f. Let r(l) = 2*l - 4. Let v(c) = -2*c + 5. Let u(t) = 2*r(t) + 3*v(t). Give u(h).
-3
Let m(f) = f**3 - 15*f**2 + 2158*f - 30007. Let j be m(14). Let p(o) = -o**2 + o. Let w(i) = -4*i**2 + 13*i - 6. Let u(n) = -3*p(n) + w(n). Calculate u(j).
3
Let s(f) = 2*f - 6. Let j(n) = 2*n - 6. Suppose -w = 2*w + 15. Let v be j(w). Let z be (v - 0)*(-1)/2. Give s(z).
10
Let h(t) be the first derivative of t**2/2 - 13*t - 94. Let l = -59 - -67. Calculate h(l).
-5
Let v(y) = 9*y**2 - 83*y + 6. Let f(j) = 3*j**2 - 31*j + 2. Let w(o) = 8*f(o) - 3*v(o). Let b = -3 - -1. What is w(b)?
-16
Suppose 4*n - 26 = -2*w, -41*n = w - 43*n + 15. Let o(j) = 3*j**3 - j**2 - 2*j. Determine o(w).
-2
Let t(b) = b**3 + 2*b**2 + 11*b - 2. Let q(r) = 2 - 9*r**3 - 11*r**3 + 19*r**3 - 10*r - r**2. Let u(f) = 7*q(f) + 6*t(f). Suppose -6*p + 5*p = -4. What is u(p)?
2
Suppose 5*i = -y - 24, 4*i - 4*y + 13 = -11. Let x(d) = 13*d + 60. Let v be x(i). Let r(l) = l**2 + 3*l - 5. Determine r(v).
5
Let t(j) = 63739 - 127429 + 13*j + 63737. Determine t(-9).
-70
Let r(o) = -170*o - 56. Let k(h) = -73*h - 28. Let i(s) = 7*k(s) - 3*r(s). Determine i(-30).
2
Suppose -100*s - 56*s + 3*s - 1377 = 0. Let d(y) = -y**2 - 5*y + 26. What is d(s)?
-10
Let n be ((-616)/64 + 7)*-8. Suppose 3*f - n = 2*u, -f + 13 = 4*u - 8. Let l(w) = w**2 - 10*w + 13. Determine l(f).
4
Let x(r) = -2*r + 2*r - 22*r**3 + 0*r**3. Suppose 131*o + 45 = 136*o. Suppose 4*u = -2*l + 4 - 10, o = 4*u - l. Calculate x(u).
-22
Let k be 66/(-55)*(-10)/6. Let o(r) = 3*r + 10*r**k + 1 - 11*r**2 + 17 - 4 + 6*r. Give o(11).
-8
Suppose p + 3*v - 5*v = -8, -p - 2*v = -8. Let f(t) = -3*t + p*t + 4*t + 1728 - 1730. Give f(1).
-1
Let b(t) = 2*t**3 + 28*t**2 - t - 28. Let p(y) = 4*y**3 + 9*y**2 + 6*y + 31. Let c be p(-3). Determine b(c).
-14
Suppose 0 = -4*g + 6*g - 1190. Let b = 589 - g. Let h(j) = -j**3 - 5*j**2 - j - 8. Determine h(b).
34
Let m(o) = 19 - 119*o + 132*o - 17 + 17 - 2*o**2. What is m(10)?
-51
Let o(s) = -s**2 - 22*s + 8. Let m(g) = 46*g**2 + 101*g - 5. Let a be m(-2). Give o(a).
-15
Let t be (-40)/(-6) + -6*9/81. Let m be ((-13)/(-2))/(2/(10 - t)). Let c(w) = -w**3 + 12*w**2 + 13*w + 1. Calculate c(m).
1
Let g(q) = -7*q**2 - 1. Let b be (-9)/(-6)*(-8)/(-3) + 0. Suppose 3*k - 169 = b*s, -4*k - 2*s = k - 273. Let l = k + -54. Determine g(l).
-8
Let u(t) be the second derivative of -t**5/20 + t**4/2 - t**3 + 2*t. Suppose 11*b + 6*b - 85 = 0. Suppose -4*k + 10 = 2*g - 0, b*k = g - 5. Determine u(g).
-5
Let b(n) = -2*n**3 + 14*n**2 - 22*n + 2. Suppose -3*d = -65*v + 70*v - 37, -v = 3*d - 17. Give b(v).
-8
Let b(g) be the second derivative of -5*g**3/6 + g**2/2 + 1138*g. Let h(z) = -z - 2. Let i be h(-4). Suppose x = 4*o + 3, 0 = -i*o + o - 1. What is b(x)?
6
Let s(l) be the first derivative of l**3/3 + 17*l**2/2 - 19*l - 541. Calculate s(-18).
-1
Let a(k) be the first derivative of -k**2/2 - 9*k - 123976. Let j be 68/(-5) + 4/(-10). Give a(j).
5
Suppose -3*g - h = -1 - 3, 0 = 5*g - 2*h + 8. Suppose d + g*d = 0. Let m(x) = -4*x - 10. Let n(l) = -3*l - 11. Let o(z) = -4*m(z) + 5*n(z). What is o(d)?
-15
Let d(w) = w - 15. Suppose 11*t + 136 = -6*t. Let s(z) = -2*z**3 - 16*z**2 + 14. Let n be s(t). What is d(n)?
-1
Suppose 3*b + 282 = 36. Let g = 87 + b. Let r(j) = -8*j**2 - 6 + 0*j**2 + 0*j**2 - 2*j + 9*j**2. Determine r(g).
9
Let g(r) be the third derivative of -r**6/80 - 11*r**5/120 - r**4/12 + 25*r**3/2 + 20*r**2 - 3. Let p(w) be the second derivative of g(w). Determine p(-2).
7
Let c(w) = -2*w**3 - w**2 - w. Suppose -3*k + 2*h = 11, 10*h - 3 = -k + 9*h. Let l(i) = 7*i**3 + 8*i**2 - 3*i. Let v(p) = k*l(p) - 3*c(p). What is v(-6)?
0
Let d(v) = -v**3 - 6*v**2 - 2*v + 5. Let h(b) be the third derivative of b**5/30 - 13*b**4/24 + b**3/6 + 12*b**2 + 2*b. Let w be h(6). Calculate d(w).
-10
Suppose -2*b + 15 = b, 3*o - 5*b + 10 = 0. Let g(u) be the first derivative of u**3/3 + 3*u**2/2 - 7*u - 215. Determine g(o).
33
Let n(g) = 4*g + 24. Let w be n(-6). Suppose 6*l - 754 - 80 = w. Let c = 143 - l. Let j(q) = -2*q + 4. What is j(c)?
-4
Let f(c) be the second derivative of -c**4/12 + 7*c**3/2 - 2*c**2 + 2*c - 807. Give f(12).
104
Suppose 5 = s + 3. Let o(v) = -7*v - 5. Let j(t) = 9*t + 6. Let g(f) = -6*j(f) - 7*o(f). Let w(k) = 10*k + 3. Let m(d) = 9*g(d) + 4*w(d). Calculate m(s).
-7
Let m(z) = -252*z - 4284. Let j be m(-17). Let u(s) be the third derivative of 1/24*s**4 + 0 - 22*s**2 - 1/60*s**5 + j*s - 1/6*s**3. Give u(3).
-7
Let w = -3 - -25. Let s be w - 7/(28/(-12)). Let z(y) = 25*y - s*y - y**2. Determine z(-2).
-4
Let d(s) be the second derivative of 3*s**3/2 + 127*s**2 + 6406*s. Give d(-27).
11
Let h(v) = v + 4. Let s be -1*(-10 + 1) - (45 + -44). Let w be 2/s*2*(-9 - -9). Calculate h(w).
4
Suppose -v - 2*v - 21 = -2*l, 26 = -4*v + 2*l. Let k(d) = -d**3 - 17*d**2 - 7*d + 4. Let z(w) = 3*w**2 + w - 1. Let f(o) = k(o) + 4*z(o). What is f(v)?
15
Let j(m) = -5*m - 3. Let h(p) = -11*p - 7. Suppose -2*d = -6*d. Suppose -t - 2*l = -d*t + 16, -3*l = 15. Let o(i) = t*h(i) + 14*j(i). Determine o(1).
-4
Let s(b) be the second derivative of b**5/20 - 7*b**4/12 + 11*b**3/6 - 7*b**2/2 + 1742*b. Determine s(3).
-10
Let s = -355 - -358. Let j(f) = 2 - 2 - 119*f**3 + 120*f**s + 2 - 4*f**2 - 6*f. Determine j(5).
-3
Let h(c) = c - 46. Let z(v) = 2*v**2 + 250*v - 1272. Let p be z(5). Give h(p).
-18
Let k(c) be the first derivative of 83 - 12*c + 1/3*c**3 - 4*c**2. Calculate k(9).
-3
Let k = 720 + -719. Let c(l) = -12*l**2 + 1. Calculate c(k).
-11
Suppose -b + 8 - 14 = 0. Let u(w) be the first derivative of w**3 - w**2 - 10*w - 9. Let f(s) = 2*s**2 - 3*s - 9. Let d(q) = -4*f(q) + 3*u(q). Determine d(b).
6
Let b be (4/(-14))/(-12*(-10)/(-420)). Let w(o) = -13 + 10 + 4*o - 2*o. Calculate w(b).
-1
Let r(i) = 4*i + 17. Let a be r(-7). Let m = a + 4. Let q(c) = 2*c**2 + 8*c + 8 + 5*c - 19*c - 3*c**2. Determine q(m).
1
Let x be (12 - 13)*(-9 + 2). Let t(f) = 33 - 73 + 4*f + 0*f + 27. Let g(l) = -l + 4. Let o(b) = x*g(b) + 2*t(b). Determine o(-2).
0
Let f(d) = 5*d**2 - 5*d - 3. Let k be f(-1). Let z(q) = 